der when m is divided by 79?
72
Let n = -8 + 13. Suppose u - t - 6 = 9, 0 = -n*t + 5. What is the remainder when 61 is divided by u?
13
Let s(w) = w**2 - 10*w + 29. Let h be s(13). Suppose 0 = -7*a + 9*a - h. What is the remainder when a is divided by 13?
8
Let z be 0/(3*4/12). Suppose z = -2*s - s + 39. Calculate the remainder when 42 is divided by s.
3
Suppose -4*o + 228 = 5*r, 5*r + 25 = o - 7. Calculate the remainder when o is divided by 9.
7
Suppose r + 3*v = 53, -r - 5*v + 15 = -46. What is the remainder when r is divided by 25?
16
What is the remainder when 426 is divided by 14 - (15 + -2) - -38?
36
Let v = -71 + 104. Suppose 0 = 5*b - 4*l - 313, 0 = -3*b - 5*l - 29 + 239. Calculate the remainder when b is divided by v.
32
Let t be 117/1 + (-5)/(-5). Suppose -29 - t = -3*q. Let a = -28 + q. Calculate the remainder when a is divided by 8.
5
Let c(h) = 2*h. Let d(b) = 5*b + 1. Let g(a) = 5*c(a) - 3*d(a). What is the remainder when 26 is divided by g(-2)?
5
Suppose 1 = 4*p - 3*b + 7, 2*b = -2*p + 4. Suppose 0 = 4*z + 1 - 13, p = -5*m + z + 27. What is the remainder when 22 is divided by m?
4
Let y(o) = -9*o + 117. What is the remainder when y(-8) is divided by 19?
18
Suppose 5*n = -3*x + 32, -3*n - 1 - 5 = 0. Suppose -8*b + 474 - 146 = 0. Calculate the remainder when b is divided by x.
13
Suppose -2*v + 215 - 21 = -3*z, -162 = -2*v - 5*z. What is the remainder when v is divided by 20?
11
Let k be 2/((-5)/2 - -3). Suppose k*o = 64 - 4. What is the remainder when (-438)/o*25/(-10) is divided by 25?
23
Let l(b) = b**3 + 7*b**2 - 30*b - 128. What is the remainder when 100 is divided by l(-6)?
12
Suppose -29*v + 2856 = 26*v + 13*v. Suppose -5*a + f = -834, 9 = -3*f - 3. What is the remainder when a is divided by v?
40
Let z = 134 - 177. What is the remainder when 128 is divided by (-5)/10*z*2?
42
Calculate the remainder when 2/(-2) + 4 + 717 + -3 is divided by 30.
27
Suppose 3*p = i + 158, p - 3*i = -3*p + 204. What is the remainder when 161 is divided by p?
53
Suppose 0 = -m + 138 - 4. What is the remainder when m is divided by 6?
2
Let i = -14 - -3. Let y(f) be the second derivative of f**3/3 + 12*f**2 - 105*f. Calculate the remainder when y(i) is divided by 2.
0
Suppose 0 = -3*u + u + 28. Let i(w) = -55*w - 2. Let g(t) = t**3 + 5*t**2 - 2*t - 11. Let x be g(-5). What is the remainder when i(x) is divided by u?
11
Let o(q) = 1 + 3*q**3 - q**3 - q**3 + 2*q + 2*q**2. Let v(s) = s**2 + 1. Let b(d) = o(d) - 4*v(d). Calculate the remainder when 1 is divided by b(2).
0
Let z = 7 + -13. What is the remainder when ((-86)/(-1))/(2 - 0) is divided by (-88)/z - 14/(-42)?
13
Let h = 900 + -766. What is the remainder when h is divided by 29?
18
Let h = -15 - -81. Suppose -4*v + 506 = h. Suppose -3*w = 2*w - 3*l - 86, -5*l + v = 5*w. Calculate the remainder when 55 is divided by w.
17
Suppose 2*i - 4 - 6 = -4*s, i - 2*s - 1 = 0. Suppose -4*p - 2 = -i*r - 10, 5*p + 25 = -5*r. Let w = p - -15. Calculate the remainder when 38 is divided by w.
10
Let u(w) = -2*w + 23. Calculate the remainder when u(-26) is divided by 24.
3
Let v(m) = -m + 5. Let x be 19 + (3 - 1 - 1). Suppose -x*j + 20 = -22*j. Calculate the remainder when 57 is divided by v(j).
12
Let i = -13 + 16. Suppose 0 = -i*v - 9, -4*y = -3*y - 4*v - 95. What is the remainder when y is divided by 22?
17
Suppose -14 = 7*a - 238. Calculate the remainder when a is divided by 7.
4
Suppose -u + 686 = 5*r, 0 = 3*r - 5*u + 9*u - 398. Calculate the remainder when r is divided by 69.
0
Let v be 9/(-21) + 20/14. Suppose 5*q = -3*o - 63, -q = v - 4. Let p = o - -45. Calculate the remainder when p is divided by 11.
8
Suppose -3*j + 4*j = -3*u + 384, 5*j - 1863 = 4*u. Calculate the remainder when j is divided by 21.
18
Let j = 132 + -39. Suppose -24 = c - j. Suppose u = 3*u - 36. What is the remainder when c is divided by u?
15
Let a(v) = -3*v + 2. Let o be a(2). Let c be 5*58/5 - (-6)/6. Let s = c + o. Calculate the remainder when s is divided by 14.
13
Let u = -11 - -12. Suppose 0 = g - 3*q + 4 + u, 4*g - 4*q + 4 = 0. What is the remainder when 142 is divided by 1 + (40 - g) + -4?
34
Let h = 18 + -30. Let m = 40 + h. Calculate the remainder when m is divided by 8.
4
Let f be (-1)/(1/(0 - 85)). Suppose 5*z + 4 = -1, f = 5*v - 5*z. Calculate the remainder when 61 is divided by v.
13
Let a(f) = -7*f - 14. Let b be a(-4). What is the remainder when ((-12)/b)/(6/(-168)) is divided by 10?
4
Let r(p) = 2*p + 7. Let o be r(-5). Let t be -1*2*(2 + o). Suppose -t*i + 17 = -i. Calculate the remainder when 50 is divided by i.
16
Let k(h) = -h**3 - 7*h**2 + 7*h - 6. Let t be k(-8). Suppose 98 = t*i - 60. Calculate the remainder when i is divided by 27.
25
Let l be 9/45 + 428/10. Let v = l - 40. Let k(p) = -p**3 - 4*p**2 - p + 1. Calculate the remainder when k(-4) is divided by v.
2
Let h be 93*(16/6 - 2). Suppose -2*g + h = g - 5*q, g - 24 = q. What is the remainder when g is divided by 8?
5
Let y(q) = q**3 + 7*q**2 - 11*q + 3. Suppose 412 + 388 = 80*g. What is the remainder when y(-8) is divided by g?
7
Suppose w + 5*f - 7 = 2*f, -95 = -5*w - 3*f. What is the remainder when 45 is divided by w?
1
Suppose 0 = 15*r - 16*r + 3. Let v = 10 - 3. Let j = v - r. Calculate the remainder when j is divided by 2.
0
Suppose -28*p = -26*p + 40. Suppose -3*i + 66 = -5*m - 11, -4*i + 68 = 2*m. What is the remainder when 0 + 370/(p/(-4)) is divided by i?
17
Let w = 63 + -57. What is the remainder when 114 is divided by (-308)/(-8) - (0 - 3/w)?
36
Calculate the remainder when 30 is divided by 280/15*(-36)/(-42).
14
Let w(m) = 2*m**3 + 10*m**2 - 10*m + 5. What is the remainder when 105 is divided by w(-5)?
50
Suppose 0 = -2*r - 3*c + 242, r - c - 341 = -2*r. What is the remainder when r is divided by 10?
5
Suppose -5*g + 31 = -2*f, 3*g - 32 = -g + 4*f. Suppose 3*n - 8 = x, -3*n + 2*x = -x. What is the remainder when g is divided by n?
1
Suppose 8*w - 1123 + 811 = 0. Calculate the remainder when w is divided by 11.
6
Suppose -32*r + 87 = 3*u - 37*r, 4*r = 4*u - 116. What is the remainder when u is divided by 6?
5
Suppose 3*t - 137 = -s, -2*s + 69 + 177 = -t. Calculate the remainder when s is divided by 43.
39
Let n = -26 - -47. Let b = -47 - -107. Calculate the remainder when n is divided by ((-20)/b)/((-1)/24).
5
Suppose -5*u = -4*p - 734, 290 = 2*u - 0*u + 2*p. Calculate the remainder when u is divided by 38.
32
Let f(t) = t**2 + t - 7. Let y be f(6). Suppose 5*u = 3*m + y, 3*u - 4*m + 14 = 5*u. Let k = 1 - -1. Calculate the remainder when u is divided by k.
1
Let v(l) = 48*l**2 + l - 1. Let h be v(1). Suppose -151 = -4*p + 5*r, 3*p - h = r + 68. Calculate the remainder when p is divided by 8.
7
Suppose 12*a - 141 = 159. Calculate the remainder when 43 is divided by a.
18
Suppose -2369 = -6*f - 581. What is the remainder when f is divided by 43?
40
Suppose 47 + 28 = 3*o. Suppose -11*j - 79 = 75. Let y = o + j. Calculate the remainder when y is divided by 7.
4
Suppose 5*b = 3*r, -3*r - 6*b + 2*b = -27. Suppose 2*o + 2*a = 1 + 1, 3*o + 5*a + r = 0. Suppose -5 = -p + 7. What is the remainder when p is divided by o?
2
Let c = 1694 + -1682. Let q(b) be the third derivative of -b**6/60 + b**4/12 - 2*b**3/3 + b**2. What is the remainder when q(-3) is divided by c?
8
Let j(c) = -2*c**2 - 4*c**2 + 14*c + c**2 + 8*c**2 + 12. Calculate the remainder when 46 is divided by j(-5).
12
Let j be 33/8 + (-14)/112. Suppose 2*u + u - j*n = 23, 18 = 2*u - 4*n. Suppose -4*d - u*z + 14 = 1, -6 = 2*z. Calculate the remainder when 46 is divided by d.
4
Let h = 2 - -2. Let x(g) = 2*g**2 - 3*g + 3. Let q(f) = f**3 + 13. Calculate the remainder when x(h) is divided by q(0).
10
Suppose -6*q = -2*q - 40. Let r(w) = -8*w - 1. Let a be r(-3). Suppose -l + 2*z = -6*l + 28, -5*z - a = -3*l. What is the remainder when q is divided by l?
4
Let n(j) = -j**3 + 18*j**2 + 14. Let o = 93 - -32. Calculate the remainder when o is divided by n(18).
13
Let i(j) = 2*j**3 - 14*j**2 + 12*j + 3. Let c = -6 - -36. Calculate the remainder when i(7) is divided by c.
27
Let o(h) = -17*h + 12. Let c be o(-7). Suppose 5*x - c = 4*d, x = -4*x + 5*d + 130. Calculate the remainder when 104 is divided by x.
23
Suppose 0 = 8*h + 48 - 288. Suppose 0 = -4*g + 494 - h. Suppose 3*d + g = k, 0*d = -4*k